re the prime factors of 6688?
2, 11, 19
What are the prime factors of 9721?
9721
What are the prime factors of 1628?
2, 11, 37
List the prime factors of 3645.
3, 5
List the prime factors of 2886.
2, 3, 13, 37
What are the prime factors of 38756?
2, 9689
List the prime factors of 30893.
30893
List the prime factors of 4391.
4391
List the prime factors of 43023.
3, 14341
What are the prime factors of 2366?
2, 7, 13
What are the prime factors of 30449?
30449
List the prime factors of 3906.
2, 3, 7, 31
List the prime factors of 61803.
3, 7, 109
What are the prime factors of 2207?
2207
What are the prime factors of 1859?
11, 13
What are the prime factors of 9284?
2, 11, 211
What are the prime factors of 85533?
3, 7, 4073
List the prime factors of 1486.
2, 743
What are the prime factors of 131?
131
What are the prime factors of 254?
2, 127
List the prime factors of 6772.
2, 1693
List the prime factors of 37838.
2, 18919
List the prime factors of 22705.
5, 19, 239
List the prime factors of 2786.
2, 7, 199
What are the prime factors of 133455?
3, 5, 7, 31, 41
List the prime factors of 1919.
19, 101
What are the prime factors of 172?
2, 43
List the prime factors of 1873.
1873
List the prime factors of 1576.
2, 197
List the prime factors of 1906.
2, 953
What are the prime factors of 96535?
5, 43, 449
What are the prime factors of 12124?
2, 7, 433
List the prime factors of 1119.
3, 373
List the prime factors of 9412.
2, 13, 181
What are the prime factors of 31143?
3, 7, 1483
What are the prime factors of 18279?
3, 677
List the prime factors of 669.
3, 223
What are the prime factors of 9612?
2, 3, 89
What are the prime factors of 984?
2, 3, 41
What are the prime factors of 24502?
2, 12251
What are the prime factors of 36573?
3, 73, 167
List the prime factors of 2799.
3, 311
List the prime factors of 471.
3, 157
What are the prime factors of 430?
2, 5, 43
What are the prime factors of 2261?
7, 17, 19
What are the prime factors of 11193?
3, 7, 13, 41
List the prime factors of 4890.
2, 3, 5, 163
List the prime factors of 220.
2, 5, 11
List the prime factors of 3028.
2, 757
List the prime factors of 714.
2, 3, 7, 17
List the prime factors of 10488.
2, 3, 19, 23
List the prime factors of 10398.
2, 3, 1733
List the prime factors of 267.
3, 89
What are the prime factors of 142284?
2, 3, 71, 167
What are the prime factors of 59?
59
List the prime factors of 158707.
19, 8353
What are the prime factors of 1523?
1523
List the prime factors of 6076.
2, 7, 31
List the prime factors of 775.
5, 31
List the prime factors of 2494.
2, 29, 43
What are the prime factors of 5148?
2, 3, 11, 13
What are the prime factors of 3026?
2, 17, 89
List the prime factors of 520.
2, 5, 13
What are the prime factors of 696?
2, 3, 29
What are the prime factors of 674?
2, 337
List the prime factors of 297.
3, 11
List the prime factors of 3171.
3, 7, 151
What are the prime factors of 3759?
3, 7, 179
What are the prime factors of 54769?
11, 13, 383
What are the prime factors of 37496?
2, 43, 109
What are the prime factors of 1270?
2, 5, 127
List the prime factors of 11160.
2, 3, 5, 31
List the prime factors of 683.
683
List the prime factors of 13395.
3, 5, 19, 47
What are the prime factors of 17529?
3, 5843
What are the prime factors of 4274?
2, 2137
List the prime factors of 15428.
2, 7, 19, 29
What are the prime factors of 1329?
3, 443
What are the prime factors of 15540?
2, 3, 5, 7, 37
List the prime factors of 21556.
2, 17, 317
What are the prime factors of 36676?
2, 53, 173
What are the prime factors of 6745?
5, 19, 71
List the prime factors of 5321.
17, 313
What are the prime factors of 5331?
3, 1777
What are the prime factors of 1611?
3, 179
What are the prime factors of 64043?
7, 1307
List the prime factors of 3510.
2, 3, 5, 13
List the prime factors of 611.
13, 47
List the prime factors of 23435.
5, 43, 109
List the prime factors of 28577.
17, 41
List the prime factors of 34417.
127, 271
What are the prime factors of 25159?
139, 181
What are the prime factors of 6384?
2, 3, 7, 19
List the prime factors of 10338.
2, 3, 1723
List the prime factors of 900.
2, 3, 5
What are the prime factors of 3760?
2, 5, 47
List the prime factors of 17833.
17, 1049
What are the prime factors of 721?
7, 103
List the prime factors of 1036.
2, 7, 37
What are the prime factors of 5232?
2, 3, 109
List the prime factors of 7020.
2, 3, 5, 13
What are the prime factors of 8911?
7, 19, 67
What are the prime factors of 1207?
17, 71
List the prime factors of 80435.
5, 16087
What are the prime factors of 92996?
2, 67, 347
List the prime factors of 5484.
2, 3, 457
What are the prime factors of 18779?
89, 211
List the prime factors of 2229.
3, 743
What are the prime factors of 123845?
5, 17, 31, 47
List the prime factors of 156669.
3, 52223
List the prime factors of 4748.
2, 1187
What are the prime factors of 341?
11, 31
List the prime factors of 724.
2, 181
List the prime factors of 8215.
5, 31, 53
List the prime factors of 5763.
3, 17, 113
List the prime factors of 27238.
2, 13619
What are the prime factors of 52839?
3, 19, 103
List the prime factors of 696.
2, 3, 29
What are the prime factors of 1757?
7, 251
What are the prime factors of 51233?
7, 13, 563
What are the prime factors of 593?
593
List the prime factors of 17502.
2, 3, 2917
List the prime factors of 693.
3, 7, 11
What are the prime factors of 130222?
2, 65111
List the prime factors of 16657.
16657
List the prime factors of 4717.
53, 89
List the prime factors of 6259.
11, 569
What are the prime factors of 328?
2, 41
List the prime factors of 1061.
1061
What are the prime factors of 811?
811
List the prime factors of 11107.
29, 383
List the prime factors of 13182.
2, 3, 13
List the prime factors of 31014.
2, 3, 1723
What are the prime factors of 9201?
3, 3067
What are the prime factors of 10323?
3, 31, 37
What are the prime factors of 2517?
3, 839
List the prime factors of 8370.
2, 3, 5, 31
What are the prime factors of 16055?
5, 13, 19
List the prime factors of 2162.
2, 23, 47
List the prime factors of 1566.
2, 3, 29
What are the prime factors of 3324?
2, 3, 277
List the prime factors of 16750.
2, 5, 67
List the prime factors of 2817.
3, 313
What are the prime factors of 1278?
2, 3, 71
What are the prime factors of 309?
3, 103
What are the prime factors of 4462?
2, 23, 97
List the prime factors of 28.
2, 7
List the prime factors of 2970.
2, 3, 5, 11
What are the prime factors of 2777?
2777
List the prime factors of 1743.
3, 7, 83
List the prime factors of 3787.
7, 541
What are the prime factors of 4532?
2, 11, 103
List the prime factors of 13299.
3, 11, 13, 31
List the prime factors of 13528.
2, 19, 89
What are the prime factors of 3405?
3, 5, 227
What are the prime factors of 4653?
3, 11, 47
What are the prime factors of 10905?
3, 5, 727
List the prime factors of 126765.
3, 5, 313
What are the prime factors of 1517?
37, 41
What are the prime factors of 1322?
2, 661
What are the prime factors of 4294?
2, 19, 113
List the prime factors of 151.
151
What are the prime factors of 22542?
2, 3, 13, 17
List the prime factors of 4125.
3, 5, 11
What are the prime factors of 4265?
5, 853
List the prime factors of 744.
2, 3, 31
List the prime factors of 1635.
3, 5, 109
What are the prime factors of 26869?
97, 277
List the prime factors of 5550.
2, 3, 5, 37
List the prime factors of 2038.
2, 1019
What are the prime factors of 10348?
2, 13, 199
List the prime factors of 4212.
2, 3, 13
List the prime factors of 10500.
2, 3, 5, 7
List the prime factors of 46145.
5, 11, 839
List the prime factors of 156632.
2, 7, 2797
What are the prime factors of 85418?
2, 42709
What are the prime factors of 51?
3, 17
What are the prime factors of 41539?
41539
What are the prime factors of 3088?
2, 193
What are the prime factors of 2126?
2, 1063
List the prime factors of 1000.
2, 5
What are the prime factors of 7661?
47, 163
List the prime factors of 6587.
7, 941
List the prime factors of 60483.
3, 20161
List the prime factors of 692.
2, 173
What are the prime factors of 18746?
2, 7, 13, 103
List the prime factors of 1510.
2, 5, 151
What are the prime factors of 43?
43
List the prime factors of 95414.
2, 11, 4337
What are the prime factors of 2411?
2411
List the prime factors 